 9741*h - 48332. What is x(5)?
373
Let q(a) = 18955*a - 37932. Calculate q(2).
-22
Let m(z) = -z**3 - 85*z**2 + 335*z - 221. Determine m(-89).
1648
Let j(c) = -4685*c + 56330. Give j(12).
110
Let i(q) = -q**2 - 504*q - 63237. Give i(-235).
-22
Let z(o) = 143*o**2 + 18306*o + 272. Calculate z(-128).
16
Let x(u) = -3*u**3 - 278*u**2 + 289*u + 18159. Calculate x(-93).
-69
Let i(z) = 10*z**2 + 6552*z + 13116. What is i(-2)?
52
Let c(j) = 3852*j + 2030007. Determine c(-527).
3
Let c(i) = 64*i**2 - 14408*i + 1795. Determine c(225).
-5
Let y(j) = -j**3 + 9*j**2 + 289*j + 93. Give y(-13).
54
Let f(r) = -108218*r - 324658. Determine f(-3).
-4
Let p(v) = v**2 + 18*v - 7311. Give p(77).
4
Let p(a) = 2*a**3 + 141*a**2 - 1399*a + 9735. Determine p(-80).
55
Let b(i) = -4*i**2 - 213*i - 2388. Give b(-14).
-190
Let o(a) = -8919*a - 60663. Calculate o(-7).
1770
Let a(w) = 3*w**2 + 62*w - 526. Give a(-28).
90
Let z(p) = p**3 - 26*p**2 - 144*p + 48. Calculate z(28).
-2416
Let m(n) = -24*n**2 - 660*n + 1316. Give m(2).
-100
Let s(x) = 6*x**2 + 130197*x + 520802. Give s(-4).
110
Let a(s) = 21*s**2 - 1248*s - 15544. Calculate a(70).
-4
Let f(g) = 119*g - 21804. Give f(183).
-27
Let b(x) = -23*x**2 - 1204*x + 2071. Give b(-54).
19
Let z(x) = -7*x + 1362. Give z(104).
634
Let k(g) = -2*g**3 - 3493*g**2 + 86781*g + 3536. Give k(-1771).
-6
Let g(y) = -28*y**2 - 5843*y - 28511. Calculate g(-5).
4
Let q(i) = -5781*i + 57407. Calculate q(10).
-403
Let z(d) = d**2 - 214*d + 6999. Give z(179).
734
Let f(j) = -j**2 + 58*j - 865. Determine f(38).
-105
Let s(v) = -6*v**2 + 969*v - 10363. Determine s(148).
1625
Let h(p) = 2*p**2 + 144*p - 5885. What is h(37)?
2181
Let m(n) = 5527*n + 701856. Calculate m(-127).
-73
Let f(m) = -4*m**3 + 1735*m**2 + 381*m + 23019. Give f(434).
17
Let w(b) = 91457*b + 457282. What is w(-5)?
-3
Let u(f) = f**3 - 25*f**2 + 128*f + 79. Determine u(18).
115
Let v(y) = 420809*y + 421018. Give v(-1).
209
Let f(m) = -25*m**2 - 1377*m + 2680. What is f(-57)?
-56
Let y(j) = -j**3 - 78*j**2 - 1037*j - 190539. What is y(-90)?
-9
Let l(t) = t**3 + 11*t**2 + 495*t + 6791. Give l(-13).
18
Let y(v) = 3*v**3 + 25*v**2 - 8*v + 294. Determine y(-11).
-586
Let v(x) = -4*x**2 - 12*x + 58076. What is v(119)?
4
Let c(p) = -p**3 - 141*p**2 - 3331*p - 112. Determine c(-111).
-1
Let p(b) = -1111*b + 3617. Calculate p(3).
284
Let r(q) = q**2 + 322*q - 32488. Calculate r(81).
155
Let y(g) = g**3 + 7*g**2 + 1598*g + 11014. Determine y(-7).
-172
Let j(s) = 3*s**2 - 103*s - 138. Give j(31).
-448
Let s(v) = 3*v**2 - 148959*v - 4322342. What is s(-29)?
-8
Let f(u) = 9*u**2 - 122*u - 652. Give f(17).
-125
Let l(b) = -7175*b - 14440. Calculate l(-2).
-90
Let m(z) = -z**2 - 1100*z - 14237. Determine m(-13).
-106
Let i(z) = -2*z**3 - 22*z**2 - 12*z + 27. Determine i(-11).
159
Let y(r) = r**3 + 61*r**2 - 17991*r - 2524. Give y(-168).
-4
Let v(a) = -8856*a + 2878205. Determine v(325).
5
Let g(t) = -4*t**3 - 415*t**2 - 333*t - 2478. Give g(-103).
-6
Let l(y) = 328037*y + 2624296. Give l(-8).
0
Let o(k) = 319*k**2 - 992*k + 1. Calculate o(3).
-104
Let m(k) = -k**3 - 57*k**2 + 285*k + 16319. Calculate m(-57).
74
Let u(x) = x**3 - 19*x**2 - 11*x - 192. Calculate u(7).
-857
Let x(s) = -s**2 + 33*s + 1418. Give x(-31).
-566
Let z(a) = -1536*a + 30781. Give z(20).
61
Let m(z) = -7523*z - 15079. Give m(-2).
-33
Let a(j) = 42*j**2 - 888*j + 121. Give a(21).
-5
Let o(m) = -m**3 - 63*m**2 - 180*m - 65. Determine o(-60).
-65
Let v(t) = 105959*t - 43443187. Calculate v(410).
3
Let h(n) = 3*n**3 - 1547*n**2 - 152*n - 187813. Give h(516).
11
Let n(y) = 986*y - 6288. Calculate n(9).
2586
Let z(g) = 3283*g - 82075. Calculate z(25).
0
Let g(o) = -143*o**2 + 7*o + 63. Give g(-4).
-2253
Let y(x) = -32959*x - 560484. Give y(-17).
-181
Let d(w) = 16*w**3 + 10078*w**2 - 1306*w - 28994. Determine d(-630).
-14
Let m(x) = -7096*x - 1334043. Calculate m(-188).
5
Let h(f) = 100129*f - 300228. Determine h(3).
159
Let c(r) = 6*r**3 + 508*r**2 - 169*r + 84. What is c(-85)?
-1
Let f(b) = 1014*b + 74056. Calculate f(-73).
34
Let i(r) = -7*r**2 - 2814*r + 447485. Calculate i(122).
-11
Let b(x) = x**3 + 34*x**2 - 11583*x - 372629. Give b(-32).
75
Let b(v) = -3*v**2 + 136*v - 1422. What is b(19)?
79
Let z(n) = 3*n**3 + 57*n**2 - 190*n - 3405. Determine z(-21).
-2061
Let g(t) = 8*t**2 - 3267*t - 6548. Give g(-2).
18
Let w(h) = 1611*h - 119201. Give w(74).
13
Let y(k) = -4852*k - 1382842. Give y(-285).
-22
Let q(j) = j**3 + 364*j**2 - 5247*j + 16998. Determine q(-378).
-12
Let q(n) = -178*n**2 + 2864*n - 12. Give q(16).
244
Let p(f) = -f**3 - 533*f**2 - 14598*f - 167. Calculate p(-29).
-689
Let d(x) = x**2 - 338*x - 7677. Give d(-21).
-138
Let s(u) = 17*u**2 - 1866*u - 20596. What is s(-11)?
1987
Let i(o) = -o**3 - 70*o**2 + 2134*o - 351. Determine i(-93).
114
Let x(w) = -1090*w + 188572. Give x(173).
2
Let s(f) = -f**3 - 351*f**2 - 10207*f + 856. Determine s(-319).
537
Let c(n) = -n**3 + 129*n**2 - 1009*n + 1503. Determine c(2).
-7
Let o(t) = 787*t + 3133. What is o(-4)?
-15
Let h(o) = -12517*o + 26596. Calculate h(2).
1562
Let m(t) = -85158*t + 170272. What is m(2)?
-44
Let j(s) = 11206*s + 2498925. Determine j(-223).
-13
Let l(j) = 1434*j - 410154. Calculate l(286).
-30
Let p(l) = 9809*l + 48808. What is p(-5)?
-237
Let o(n) = 16*n**2 + 905*n - 473. Determine o(-57).
-74
Let x(z) = -z**2 - 39*z + 293. Determine x(11).
-257
Let r(w) = -2311*w + 11410. Calculate r(5).
-145
Let b(n) = 4399*n - 13414. Calculate b(3).
-217
Let a(f) = -f**3 - 3*f**2 + 296*f + 1123. Determine a(-4).
-45
Let n(u) = -2*u**3 + 3*u**2 + 70*u + 90. Calculate n(-8).
746
Let r(j) = 14602*j - 4000932. Give r(274).
16
Let r(l) = 2*l**3 + 207*l**2 - 3159*l + 9. Give r(-117).
9
Let l(z) = z**3 + 20*z**2 + 54*z + 67. Calculate l(-12).
571
Let z(o) = 3172*o + 15794. Determine z(-5).
-66
Let t(w) = -3*w**3 + 886*w**2 + 585*w + 1820. Give t(296).
-252
Let p(n) = 3*n**3 + 49*n**2 + 95*n - 131. Give p(-17).
-2324
Let b(k) = -14*k**3 + 389*k**2 + 107*k - 578. Calculate b(28).
66
Let o(m) = 237*m - 3204. What is o(14)?
114
Let p(g) = -23*g**2 + 48*g + 795. What is p(-9)?
-1500
Let u(b) = 717898*b - 7178985. Determine u(10).
-5
Let r(n) = 4*n**2 + 5254*n + 118708. Determine r(-23).
-18
Let b(o) = -23759*o + 71274. Give b(3).
-3
Let u(p) = 89*p**3 - 1574*p**2 - 511*p + 96. Give u(18).
-30
Let r(s) = 1107*s**2 + 14395*s + 50. Give r(-13).
-2
Let c(p) = -2*p**3 - 1177*p**2 + 333*p - 150658. Determine c(-589).
126
Let b(m) = -6555*m - 3638029. Give b(-555).
-4
Let w(z) = -21*z**3 + 309*z**2 + 112*z - 301. Determine w(15).
29
Let d(s) = 815*s - 40833. Determine d(50).
-83
Let k(n) = 27*n**2 - 13901*n - 2067. What is k(515)?
-7
Let v(u) = 16*u**3 + 21*u**2 - 75*u - 205. Give v(-3).
-223
Let q(j) = 1123930*j + 7867518. What is q(-7)?
8
Let p(q) = q**2 - 2205*q - 15487. Calculate p(-7).
-3
Let l(b) = 1714531*b + 6858117. Determine l(-4).
-7
Let a(d) = -2*d**3 + 9*d**2 - 2*d + 52. What is a(-6)?
820
Let y(a) = a**2 - 1729*a + 60956. Determine y(36).
8
Let h(z) = 7530*z - 22634. Determine h(3).
-44
Let m(i) = -2*i**3 - 57*i**2 - 448*i - 9922. Calculate m(-27).
-13
Let k(y) = 4455*y + 160353. What is k(-36)?
-27
Let u(c) = c**2 - 6989*c - 189421. What is u(-27)?
11
Let n(h) = -h**3 + 356*h**2 + 11*h - 3921. What is n(356)?
-5
Let i(x) = -x**3 + 96*x**2 - 2292*x - 982. Determine i(49).
-443
Let b(y) = -y**3 - 107*y**2 - 2441*y + 41. Determine b(-74).
-33
Let p(q) = -6*q**2 - 74*q + 3582. Give p(19).
10
Let u(y) = y**3 - 35*y**2 + 168*y - 4153. Determine u(34).
403
Let j(x) = -66*x**3 - 6*x - 9. What is j(-2)?
531
Let d(m) = -3*m**2 - 284*m - 6621. What is d(-48)?
99
Let l(z) = -z**2 + 1732*z + 29731. What is l(-17)?
-2
Let l(q) = 16*q - 1086. Calculate l(-8).
-1214
Let u(y) = 12*y**2 + 7968*y - 147318. Calculate u(-682).
-6
Let l(f) = -2*f**3 - 121*f**2 + 729*f + 154. Determine l(-66).
-44
Let o(y) = -16*y**3 + 270*y**2 + 1592*y + 23. What is o(-6)?
3647
Let g(t) = -t**2 - 39040*t - 234198. What is g(-6)?
6
Let f(u) = 218*u**2 - 29868*u + 487. What is f(137)?
213
Let w(l) = l**2 - 409*l - 366. Calculate w(0).
-366
Let w(p) = 116146*p - 812801. Determine w(7).
221
Let c(r) = -15*r**3 - 827*r**2 - 107*r + 116. Determine c(-55).
-49
Let w(g) = 147330*g + 2062632. Give w(-1